{"id":81,"date":"2021-08-27T20:04:25","date_gmt":"2021-08-27T23:04:25","guid":{"rendered":"https:\/\/gristec.com.br\/votar\/?page_id=81"},"modified":"2025-08-29T18:05:39","modified_gmt":"2025-08-29T21:05:39","slug":"voto","status":"publish","type":"page","link":"https:\/\/gristec.com.br\/votar\/","title":{"rendered":"voto"},"content":{"rendered":"\t\t<div data-elementor-type=\"wp-page\" data-elementor-id=\"81\" class=\"elementor elementor-81\" data-elementor-settings=\"[]\">\n\t\t\t\t\t\t\t<div class=\"elementor-section-wrap\">\n\t\t\t\t\t\t\t<section class=\"elementor-section elementor-top-section elementor-element elementor-element-4e60ac6d elementor-section-boxed elementor-section-height-default elementor-section-height-default\" data-id=\"4e60ac6d\" data-element_type=\"section\" data-settings=\"{&quot;background_background&quot;:&quot;classic&quot;}\">\n\t\t\t\t\t\t<div class=\"elementor-container elementor-column-gap-default\">\n\t\t\t\t\t<div class=\"elementor-column elementor-col-50 elementor-top-column elementor-element elementor-element-6e4c5976\" data-id=\"6e4c5976\" data-element_type=\"column\">\n\t\t\t<div class=\"elementor-widget-wrap elementor-element-populated\">\n\t\t\t\t\t\t\t\t<div class=\"elementor-element elementor-element-63b52d7a elementor-widget elementor-widget-image\" data-id=\"63b52d7a\" data-element_type=\"widget\" data-widget_type=\"image.default\">\n\t\t\t\t<div class=\"elementor-widget-container\">\n\t\t\t\t\t\t\t\t\t\t\t\t\t\t\t<img loading=\"lazy\" decoding=\"async\" width=\"32\" height=\"36\" src=\"https:\/\/gristec.com.br\/votar\/wp-content\/uploads\/2021\/08\/icon.jpg\" class=\"attachment-large size-large\" alt=\"\" style=\"width:100%;height:112.5%;max-width:32px\" \/>\t\t\t\t\t\t\t\t\t\t\t\t\t\t\t<\/div>\n\t\t\t\t<\/div>\n\t\t\t\t\t<\/div>\n\t\t<\/div>\n\t\t\t\t<div class=\"elementor-column elementor-col-50 elementor-top-column elementor-element elementor-element-7ae5209\" data-id=\"7ae5209\" data-element_type=\"column\">\n\t\t\t<div class=\"elementor-widget-wrap elementor-element-populated\">\n\t\t\t\t\t\t\t\t<div class=\"elementor-element elementor-element-26a893cf elementor-widget elementor-widget-text-editor\" data-id=\"26a893cf\" data-element_type=\"widget\" data-widget_type=\"text-editor.default\">\n\t\t\t\t<div class=\"elementor-widget-container\">\n\t\t\t\t\t\t\t<p><strong>ASSOCIA\u00c7\u00c3O BRASILEIRA DAS EMPRESAS DE GERENCIAMENTO DE RISCOS E DE TECNOLOGIA DE RASTREAMENTO E MONITORAMENTO<\/strong><\/p>\t\t\t\t\t\t<\/div>\n\t\t\t\t<\/div>\n\t\t\t\t\t<\/div>\n\t\t<\/div>\n\t\t\t\t\t\t\t<\/div>\n\t\t<\/section>\n\t\t\t\t<section class=\"elementor-section elementor-top-section elementor-element elementor-element-61cbb80a elementor-section-boxed elementor-section-height-default elementor-section-height-default\" data-id=\"61cbb80a\" data-element_type=\"section\">\n\t\t\t\t\t\t<div class=\"elementor-container elementor-column-gap-default\">\n\t\t\t\t\t<div class=\"elementor-column elementor-col-25 elementor-top-column elementor-element elementor-element-3eb00ff9\" data-id=\"3eb00ff9\" data-element_type=\"column\">\n\t\t\t<div class=\"elementor-widget-wrap\">\n\t\t\t\t\t\t\t\t\t<\/div>\n\t\t<\/div>\n\t\t\t\t<div class=\"elementor-column elementor-col-25 elementor-top-column elementor-element elementor-element-78e09302\" data-id=\"78e09302\" data-element_type=\"column\">\n\t\t\t<div class=\"elementor-widget-wrap elementor-element-populated\">\n\t\t\t\t\t\t\t\t<div class=\"elementor-element elementor-element-d74b86f elementor-widget elementor-widget-image\" data-id=\"d74b86f\" data-element_type=\"widget\" data-widget_type=\"image.default\">\n\t\t\t\t<div class=\"elementor-widget-container\">\n\t\t\t\t\t\t\t\t\t\t\t\t\t\t\t<img loading=\"lazy\" decoding=\"async\" width=\"199\" height=\"91\" src=\"https:\/\/gristec.com.br\/votar\/wp-content\/uploads\/2021\/08\/logo-gristec.png\" class=\"attachment-large size-large\" alt=\"\" style=\"width:100%;height:45.73%;max-width:199px\" \/>\t\t\t\t\t\t\t\t\t\t\t\t\t\t\t<\/div>\n\t\t\t\t<\/div>\n\t\t\t\t\t<\/div>\n\t\t<\/div>\n\t\t\t\t<div class=\"elementor-column elementor-col-25 elementor-top-column elementor-element elementor-element-3e596a9f\" data-id=\"3e596a9f\" data-element_type=\"column\">\n\t\t\t<div class=\"elementor-widget-wrap\">\n\t\t\t\t\t\t\t\t\t<\/div>\n\t\t<\/div>\n\t\t\t\t<div class=\"elementor-column elementor-col-25 elementor-top-column elementor-element elementor-element-18622709\" data-id=\"18622709\" data-element_type=\"column\">\n\t\t\t<div class=\"elementor-widget-wrap elementor-element-populated\">\n\t\t\t\t\t\t\t\t<div class=\"elementor-element elementor-element-1b816f45 elementor-widget elementor-widget-heading\" data-id=\"1b816f45\" data-element_type=\"widget\" data-widget_type=\"heading.default\">\n\t\t\t\t<div class=\"elementor-widget-container\">\n\t\t\t<h2 class=\"elementor-heading-title elementor-size-default\">GRISTEC - ELEI\u00c7\u00c3O 2025           <\/h2>\t\t<\/div>\n\t\t\t\t<\/div>\n\t\t\t\t\t<\/div>\n\t\t<\/div>\n\t\t\t\t\t\t\t<\/div>\n\t\t<\/section>\n\t\t\t\t<section class=\"elementor-section elementor-top-section elementor-element elementor-element-6eeff725 elementor-section-boxed elementor-section-height-default elementor-section-height-default\" data-id=\"6eeff725\" data-element_type=\"section\">\n\t\t\t\t\t\t<div class=\"elementor-container elementor-column-gap-default\">\n\t\t\t\t\t<div class=\"elementor-column elementor-col-100 elementor-top-column elementor-element elementor-element-36bd921e\" data-id=\"36bd921e\" data-element_type=\"column\">\n\t\t\t<div class=\"elementor-widget-wrap elementor-element-populated\">\n\t\t\t\t\t\t\t\t<div class=\"elementor-element elementor-element-781a487d elementor-widget elementor-widget-heading\" data-id=\"781a487d\" data-element_type=\"widget\" data-widget_type=\"heading.default\">\n\t\t\t\t<div class=\"elementor-widget-container\">\n\t\t\t<h2 class=\"elementor-heading-title elementor-size-default\">\u00c1rea de Vota\u00e7\u00e3o - Sejam Bem vindos - Elei\u00e7\u00e3o 2025 GRISTEC\n<br> 01\/09\/2025 das 9:00 as 17:00h<\/h2>\t\t<\/div>\n\t\t\t\t<\/div>\n\t\t\t\t\t<\/div>\n\t\t<\/div>\n\t\t\t\t\t\t\t<\/div>\n\t\t<\/section>\n\t\t\t\t<section class=\"elementor-section elementor-top-section elementor-element elementor-element-dc42470 elementor-section-boxed elementor-section-height-default elementor-section-height-default\" data-id=\"dc42470\" data-element_type=\"section\">\n\t\t\t\t\t\t<div class=\"elementor-container elementor-column-gap-default\">\n\t\t\t\t\t<div class=\"elementor-column elementor-col-33 elementor-top-column elementor-element elementor-element-115b9adb\" data-id=\"115b9adb\" data-element_type=\"column\">\n\t\t\t<div class=\"elementor-widget-wrap\">\n\t\t\t\t\t\t\t\t\t<\/div>\n\t\t<\/div>\n\t\t\t\t<div class=\"elementor-column elementor-col-33 elementor-top-column elementor-element elementor-element-4b42ea12\" data-id=\"4b42ea12\" data-element_type=\"column\">\n\t\t\t<div class=\"elementor-widget-wrap elementor-element-populated\">\n\t\t\t\t\t\t\t\t<div class=\"elementor-element elementor-element-4c3aafe5 elementor-widget-divider--view-line elementor-widget elementor-widget-divider\" data-id=\"4c3aafe5\" data-element_type=\"widget\" data-widget_type=\"divider.default\">\n\t\t\t\t<div class=\"elementor-widget-container\">\n\t\t\t\t\t<div class=\"elementor-divider\">\n\t\t\t<span class=\"elementor-divider-separator\">\n\t\t\t\t\t\t<\/span>\n\t\t<\/div>\n\t\t\t\t<\/div>\n\t\t\t\t<\/div>\n\t\t\t\t<div class=\"elementor-element elementor-element-12233e84 elementor-widget elementor-widget-text-editor\" data-id=\"12233e84\" data-element_type=\"widget\" data-widget_type=\"text-editor.default\">\n\t\t\t\t<div class=\"elementor-widget-container\">\n\t\t\t\t\t\t\t<p>\u00a0<\/p><center><strong>Instru\u00e7\u00f5es Para Votar:<\/strong><\/center><p>1 &#8211; Acesse o email recebido com as informa\u00e7\u00f5es para seu voto.<br \/>2 &#8211; Clique no bot\u00e3o abaixo para acessar a p\u00e1gina do voto.<\/p><p>3 &#8211; Copie a senha e o seu email conforme est\u00e3o no email recebido.<\/p><p>4 &#8211; Selecione a Chapa ou se desejar Vote nulo.<\/p><p>5 &#8211; Clique no bot\u00e3o &#8220;Votar&#8221; e o processo estar\u00e1 completo.<\/p><p>Em caso de d\u00favida o Comit\u00ea Eleitoral estar\u00e1 de plant\u00e3o no telefone: (11)\u00a0<span style=\"font-family: var( --e-global-typography-text-font-family ), Sans-serif; font-weight: var( --e-global-typography-text-font-weight ); font-size: var(--global--font-size-base);\">3807-3397.<\/span><\/p><p>\u00a0 \u00a0 \u00a0 \u00a0 \u00a0 \u00a0 \u00a0 \u00a0 \u00a0 \u00a0 \u00a0 \u00a0 \u00a0 \u00a0 <strong>\u00a0 \u00a0 \u00a0 \u00a0 \u00a0 \u00a0 \u00a0 \u00a0 \u00a0 \u00a0 \u00a0 \u00a0 \u00a0 \u00a0 \u00a0 \u00a0 \u00a0CHAPAS CANDIDATAS<\/strong><\/p>\t\t\t\t\t\t<\/div>\n\t\t\t\t<\/div>\n\t\t\t\t<section class=\"elementor-section elementor-inner-section elementor-element elementor-element-5152a73 elementor-section-boxed elementor-section-height-default elementor-section-height-default\" data-id=\"5152a73\" data-element_type=\"section\">\n\t\t\t\t\t\t<div class=\"elementor-container elementor-column-gap-default\">\n\t\t\t\t\t<div class=\"elementor-column elementor-col-50 elementor-inner-column elementor-element elementor-element-6877b8b\" data-id=\"6877b8b\" data-element_type=\"column\">\n\t\t\t<div class=\"elementor-widget-wrap elementor-element-populated\">\n\t\t\t\t\t\t\t\t<div class=\"elementor-element elementor-element-637def7 elementor-widget elementor-widget-text-editor\" data-id=\"637def7\" data-element_type=\"widget\" data-widget_type=\"text-editor.default\">\n\t\t\t\t<div class=\"elementor-widget-container\">\n\t\t\t\t\t\t\t<p><strong>CHAPA 1 &#8211; CONTINUIDADE E INOVA\u00c7\u00c3O<\/strong><br \/>Presidente: Bruna Medeiros<\/p><p>Empresa Associada: Trans Sat<\/p><p>Conselheiro Fiscal 1 \u2013 Renato Andrade<\/p><p>Empresa Associada: Ituran<\/p><p>Conselheiro Fiscal 2 &#8211; Anderson Martins<\/p><p>Empresa Associada: Trucks Control<\/p><p>Conselheiro Fiscal 3 \u2013 Patr\u00edcia Obata<\/p><p>Empresa Associada: Tracker<\/p>\t\t\t\t\t\t<\/div>\n\t\t\t\t<\/div>\n\t\t\t\t\t<\/div>\n\t\t<\/div>\n\t\t\t\t<div class=\"elementor-column elementor-col-50 elementor-inner-column elementor-element elementor-element-5ddf2a0\" data-id=\"5ddf2a0\" data-element_type=\"column\">\n\t\t\t<div class=\"elementor-widget-wrap elementor-element-populated\">\n\t\t\t\t\t\t\t\t<div class=\"elementor-element elementor-element-7a56b91 elementor-widget elementor-widget-text-editor\" data-id=\"7a56b91\" data-element_type=\"widget\" data-widget_type=\"text-editor.default\">\n\t\t\t\t<div class=\"elementor-widget-container\">\n\t\t\t\t\t\t\t<p><strong>CHAPA 2 &#8211; INOVA\u00c7\u00c3O 360\u00b0<\/strong><\/p><p>Presidente: Jos\u00e9 Maciel Lacerda<\/p><p>Empresa Associada: T-Blocker<\/p><p>Conselheiro Fiscal 1 \u2013 Jair Moura<\/p><p>Empresa Associada: Ravex<\/p><p>Conselheiro Fiscal 2 &#8211; Fabio Marton<\/p><p>Empresa Associada: Overhaul<\/p><p>Conselheiro Fiscal 3 \u2013 Joaquim Ferreira<\/p><p>Empresa Associada: Golden Service<\/p>\t\t\t\t\t\t<\/div>\n\t\t\t\t<\/div>\n\t\t\t\t\t<\/div>\n\t\t<\/div>\n\t\t\t\t\t\t\t<\/div>\n\t\t<\/section>\n\t\t\t\t<div class=\"elementor-element elementor-element-096b7db elementor-align-center elementor-widget elementor-widget-button\" data-id=\"096b7db\" data-element_type=\"widget\" data-widget_type=\"button.default\">\n\t\t\t\t<div class=\"elementor-widget-container\">\n\t\t\t\t\t<div class=\"elementor-button-wrapper\">\n\t\t\t<a href=\"https:\/\/jorge.bastos.myscriptcase.com\/scriptcase\/app\/pesquisa\/app_Login\" class=\"elementor-button-link elementor-button elementor-size-xl\" role=\"button\">\n\t\t\t\t\t\t<span class=\"elementor-button-content-wrapper\">\n\t\t\t\t\t\t<span class=\"elementor-button-text\">ACESSAR A VOTA\u00c7\u00c3O<\/span>\n\t\t<\/span>\n\t\t\t\t\t<\/a>\n\t\t<\/div>\n\t\t\t\t<\/div>\n\t\t\t\t<\/div>\n\t\t\t\t<div class=\"elementor-element elementor-element-7321115c elementor-widget-divider--view-line elementor-widget elementor-widget-divider\" data-id=\"7321115c\" data-element_type=\"widget\" data-widget_type=\"divider.default\">\n\t\t\t\t<div class=\"elementor-widget-container\">\n\t\t\t\t\t<div class=\"elementor-divider\">\n\t\t\t<span class=\"elementor-divider-separator\">\n\t\t\t\t\t\t<\/span>\n\t\t<\/div>\n\t\t\t\t<\/div>\n\t\t\t\t<\/div>\n\t\t\t\t\t<\/div>\n\t\t<\/div>\n\t\t\t\t<div class=\"elementor-column elementor-col-33 elementor-top-column elementor-element elementor-element-3fc26e66\" data-id=\"3fc26e66\" data-element_type=\"column\">\n\t\t\t<div class=\"elementor-widget-wrap\">\n\t\t\t\t\t\t\t\t\t<\/div>\n\t\t<\/div>\n\t\t\t\t\t\t\t<\/div>\n\t\t<\/section>\n\t\t\t\t<section class=\"elementor-section elementor-top-section elementor-element elementor-element-7220ae4f elementor-section-boxed elementor-section-height-default elementor-section-height-default\" data-id=\"7220ae4f\" data-element_type=\"section\" data-settings=\"{&quot;background_background&quot;:&quot;classic&quot;}\">\n\t\t\t\t\t\t<div class=\"elementor-container elementor-column-gap-default\">\n\t\t\t\t\t<div class=\"elementor-column elementor-col-100 elementor-top-column elementor-element elementor-element-6e6f754e\" data-id=\"6e6f754e\" data-element_type=\"column\">\n\t\t\t<div class=\"elementor-widget-wrap elementor-element-populated\">\n\t\t\t\t\t\t\t\t<div class=\"elementor-element elementor-element-68d6dd5b elementor-widget elementor-widget-image\" data-id=\"68d6dd5b\" data-element_type=\"widget\" data-widget_type=\"image.default\">\n\t\t\t\t<div class=\"elementor-widget-container\">\n\t\t\t\t\t\t\t\t\t\t\t\t\t\t\t<img loading=\"lazy\" decoding=\"async\" width=\"181\" height=\"112\" src=\"https:\/\/gristec.com.br\/votar\/wp-content\/uploads\/2021\/08\/logo-gristec-branco.png\" class=\"attachment-large size-large\" alt=\"\" style=\"width:100%;height:61.88%;max-width:181px\" \/>\t\t\t\t\t\t\t\t\t\t\t\t\t\t\t<\/div>\n\t\t\t\t<\/div>\n\t\t\t\t\t<\/div>\n\t\t<\/div>\n\t\t\t\t\t\t\t<\/div>\n\t\t<\/section>\n\t\t\t\t\t\t<\/div>\n\t\t\t\t\t<\/div>\n\t\t","protected":false},"excerpt":{"rendered":"<p>ASSOCIA\u00c7\u00c3O BRASILEIRA DAS EMPRESAS DE GERENCIAMENTO DE RISCOS E DE TECNOLOGIA DE RASTREAMENTO E MONITORAMENTO GRISTEC &#8211; ELEI\u00c7\u00c3O 2025 \u00c1rea de Vota\u00e7\u00e3o &#8211; Sejam Bem vindos &#8211; Elei\u00e7\u00e3o 2025 GRISTEC 01\/09\/2025 das 9:00 as 17:00h \u00a0 Instru\u00e7\u00f5es Para Votar: 1 &#8211; Acesse o email recebido com as informa\u00e7\u00f5es para seu voto.2 &#8211; Clique no bot\u00e3o&hellip; <a class=\"more-link\" href=\"https:\/\/gristec.com.br\/votar\/\">Continuar lendo <span class=\"screen-reader-text\">voto<\/span><\/a><\/p>\n","protected":false},"author":1,"featured_media":0,"parent":0,"menu_order":0,"comment_status":"closed","ping_status":"closed","template":"elementor_canvas","meta":{"footnotes":""},"class_list":["post-81","page","type-page","status-publish","hentry","entry"],"_links":{"self":[{"href":"https:\/\/gristec.com.br\/votar\/wp-json\/wp\/v2\/pages\/81","targetHints":{"allow":["GET"]}}],"collection":[{"href":"https:\/\/gristec.com.br\/votar\/wp-json\/wp\/v2\/pages"}],"about":[{"href":"https:\/\/gristec.com.br\/votar\/wp-json\/wp\/v2\/types\/page"}],"author":[{"embeddable":true,"href":"https:\/\/gristec.com.br\/votar\/wp-json\/wp\/v2\/users\/1"}],"replies":[{"embeddable":true,"href":"https:\/\/gristec.com.br\/votar\/wp-json\/wp\/v2\/comments?post=81"}],"version-history":[{"count":34,"href":"https:\/\/gristec.com.br\/votar\/wp-json\/wp\/v2\/pages\/81\/revisions"}],"predecessor-version":[{"id":134,"href":"https:\/\/gristec.com.br\/votar\/wp-json\/wp\/v2\/pages\/81\/revisions\/134"}],"wp:attachment":[{"href":"https:\/\/gristec.com.br\/votar\/wp-json\/wp\/v2\/media?parent=81"}],"curies":[{"name":"wp","href":"https:\/\/api.w.org\/{rel}","templated":true}]}}